 Suppose 40 = -4*n + 8*n. Suppose 0 = -4*i + 2*i - n, -2*i - 240 = -t*u. List the prime factors of u.
2, 23
Let x(r) = r**3 + 6*r**2 - 12*r + 7. Let t be x(5). Let o = -135 + t. List the prime factors of o.
3, 29
Let w(u) = -5*u**2 + 10*u + 6. Let v(j) = 6*j**2 - 10*j - 5. Let m(q) = 6*v(q) + 7*w(q). Let s be m(-6). What are the prime factors of 51 - 1/(3/s)?
5, 11
What are the prime factors of 184 - -2 - 3/(15/(-20))?
2, 5, 19
Let v(j) = j - 6. Let b be v(0). Let k(o) = o**2 - 5*o + 17. Let r be k(4). Let n = r + b. List the prime factors of n.
7
Let c be (8/(-5))/(6/15) - -242. List the prime factors of c/(-5 - (-28)/4).
7, 17
Let x(z) = -8*z + 9. Let d be x(6). Let v = -78 - d. What are the prime factors of 9/(v/(-9) + -4)?
3
Suppose -4*z - 2*v = -5*v - 2207, 5*z + 3*v - 2752 = 0. List the prime factors of z.
19, 29
Let s = -3 + 1. Let a = 11 + s. Suppose 6*c = a*c - 6. List the prime factors of c.
2
Suppose -637*a + 625*a + 15396 = 0. What are the prime factors of a?
1283
Suppose 0 = 6*f - 2*f, -z + 1444 = -f. Suppose 3*p = -3*v + 870, -4*v = -9*v + p + z. What are the prime factors of v?
17
List the prime factors of 12*(-56)/(-12)*4.
2, 7
Suppose 150*y - 147*y - 549 = 0. Suppose y = 5*v - 312. List the prime factors of v.
3, 11
Suppose -9*v = -7*v + 2. Let c be (-2 - v)/(1/(-5)). Suppose 13 = c*n - 3*r - 22, 2*r = 0. List the prime factors of n.
7
Suppose 3*o = 3*v + 1248, 0 = 7*o - 6*o - 5*v - 436. Suppose p + 2*p = -3*m + 312, 4*m - o = p. What are the prime factors of m?
103
Let u(y) = 132*y - 575. What are the prime factors of u(23)?
23, 107
List the prime factors of -27 + 17 - (-2 - 5768).
2, 3, 5
Let t = 1929 + -560. What are the prime factors of t?
37
Let p(d) = -2*d**2 + 6*d + 7. Suppose -3*r + 10 = -r. Let f be p(r). Let j = -5 - f. List the prime factors of j.
2
Suppose s + 190 = 3*s. Let r = s - 54. What are the prime factors of r?
41
Suppose n - 2*x = -3*n + 936, 0 = -x. What are the prime factors of n?
2, 3, 13
Suppose 3*j + 40 = -5*u + 152, 5*u + 2*j - 108 = 0. Suppose 8*s - 12*s = -8. Suppose 10 = s*a - u. List the prime factors of a.
3, 5
Let g = -81 - -82. List the prime factors of 1304/4 + -1*(g - -3).
2, 7, 23
Let v(u) = -4*u**2 + 10*u - 1. Let d be v(4). Let n be 5/(-20) + d/(-4). Let b(s) = s**3 - 5*s**2 - 5*s. What are the prime factors of b(n)?
2, 3
Suppose 7*m - 5*m = 492. Suppose -i + 4*i - m = 0. What are the prime factors of i?
2, 41
Let t(k) be the third derivative of -3/2*k**3 - 1/60*k**5 - 13/24*k**4 + 0*k - 4*k**2 + 0. List the prime factors of t(-9).
3
Suppose 2*y = 4*y - 4. Let g be 8/(1/(1/2)). Suppose 0*c - y*c + 78 = z, -g*c - 4*z = -156. List the prime factors of c.
3, 13
Let r = -2 + 7. Suppose -r*k + 8*k - 123 = 0. What are the prime factors of k?
41
Let x be (7 - 10)/((-3)/(-4)). List the prime factors of x*5/5 + 343.
3, 113
Let b = -155 + 153. List the prime factors of (-2)/b - (2 - 140).
139
Let c(x) = x - 4. Let h = 0 - -5. Let k be c(h). Suppose -g + 5 - k = 0. What are the prime factors of g?
2
Let n(c) = 1. Let x(l) = -86*l. Let r(z) = n(z) + x(z). List the prime factors of r(-1).
3, 29
Suppose a - 5*s = 1710, 0*s + 6765 = 4*a - 5*s. Suppose -2*g - g = 15, 5*h + a = 5*g. List the prime factors of (-4)/14 + h/(-21).
2
Suppose 0 = 3*q + 5*p + 34, 4 = 6*p - 2*p. Let j = q - -79. What are the prime factors of j?
2, 3, 11
Suppose -4 = -2*y + 5*k + 4, -3*y + 12 = 4*k. Suppose -y*m - 4*t = 12, 0 = -5*m + 2*t - 4*t. What are the prime factors of m*((-1020)/(-8))/5?
3, 17
Suppose -61 = -8*t - 29. Let a(c) = 20*c**2 + 1. Let r be a(1). Suppose r + t = p. List the prime factors of p.
5
List the prime factors of 14 + 1547 - (8 + -3).
2, 389
Suppose -j + 4*j - 12 = 0, -w - 3*j + 2615 = 0. List the prime factors of w.
19, 137
Let n be -1 + 12 + (2 - 2). Let m(l) = l - 12. Let j be m(10). Let d = n + j. What are the prime factors of d?
3
Let s be (11/5)/((-7)/(-35)). Suppose -13*m + s*m = -298. What are the prime factors of m?
149
Let g(t) = 3*t**3 - t**2 - 2*t + 3. Let q be g(4). Let c = -114 + q. List the prime factors of c.
3, 19
Let r be (-1)/8 - (-200)/64. Suppose 3 = r*g, -g = -k - 5*g + 12. What are the prime factors of k?
2
Let b(y) = -41*y**3 + 9*y**2 + 25*y - 8. List the prime factors of b(-4).
2, 5, 7, 19
Let f(o) = 1672*o**2 - 5*o - 6. What are the prime factors of f(-1)?
3, 557
Let f(l) = -l + 15. Let c be f(9). Suppose 3*w - 27 = -c. What are the prime factors of w?
7
Let i = 11 + -12. Let c(x) = 27*x**3 + 2*x + 2. Let s be c(i). Let z = s + 86. What are the prime factors of z?
59
Let k = 114 - 38. List the prime factors of k.
2, 19
Suppose 0 = 33*j - 30129 - 4356. List the prime factors of j.
5, 11, 19
List the prime factors of 96/(-240) - 6877/(-5).
5, 11
Let p(k) = k**2 - k - 6. Let b be p(0). What are the prime factors of (-514)/b - (-16)/48?
2, 43
Let x(k) = 33*k**2 - 3*k - 6. Let r be x(-3). Suppose m - 5*m = -r. What are the prime factors of m?
3, 5
Let d(a) = -a**2 + a + 2. Let m be d(-2). Let f be (-40)/16 - (-2)/m. Let q(c) = -8*c + 1. What are the prime factors of q(f)?
5
Suppose 13*r - 200 = 15*r. Let g = 10 - r. List the prime factors of g.
2, 5, 11
Suppose 73828 - 11908 = 12*b. What are the prime factors of b?
2, 3, 5, 43
Suppose -2986 + 1042 = -4*r. List the prime factors of r.
2, 3
Let a = -2 + 12. Suppose 6*j - 7*j - a = 0. Let k = 5 - j. List the prime factors of k.
3, 5
Let q = -24 - -14. Let v(i) = 2*i**2 + 3*i - 4. Let m be v(q). Let p = -100 + m. What are the prime factors of p?
2, 3, 11
Let x(z) = -z**2 + 16*z - 25. Suppose 0 = h - 7*h + 36. List the prime factors of x(h).
5, 7
Suppose -2*i - 489 = -5*w, -13*w + 14*w = i + 96. What are the prime factors of w?
3, 11
Let s(v) = -3*v**3 - 18*v**2 + 12*v - 10. Let a be s(-8). Suppose l - a = 2*f, 1396 = 6*l - l - 4*f. What are the prime factors of l?
2, 5, 7
Suppose -2*s + 68 = 2*q, 3*s + q - 114 = -8. Suppose -4 = 3*m + 2*f, -2*f = 3*m + 2*f + 14. Suppose l - s = -m*l. What are the prime factors of l?
2, 3
Let g(z) = -5*z - 18. Let c be g(-4). List the prime factors of c + 0 - 0 - (3 - 30).
29
Suppose -3*v - 5*r = -1396, 2*v + 4*r - 928 = 2*r. List the prime factors of v.
2, 3, 7, 11
Let d(y) = 92*y**2 + 59*y + 13. What are the prime factors of d(-8)?
61, 89
Suppose -2342*z = -2348*z + 15882. List the prime factors of z.
2647
Suppose -3*j + 7 + 1 = s, 77 = 4*s + 3*j. Let z(y) = -8*y + 10*y**2 + s*y + 3*y**3 - 4*y**3 - 13. What are the prime factors of z(11)?
31
Suppose -j + 10*b = 9*b - 331, 4*j - 5*b - 1326 = 0. List the prime factors of j.
7, 47
Let r = 4 + 58. Let t = r + -10. List the prime factors of t.
2, 13
Let i = 21 - 15. Let p be 0/(i/2 + -4). Suppose -64 = -4*n - 2*a, n + p*a - 11 = 2*a. What are the prime factors of n?
3, 5
Let x(j) = j**2 - 10*j + 13. Let c be x(9). Suppose -c*u = -0*u. Suppose -3*o + 51 = -u*o + y, 0 = -o - 5*y + 3. What are the prime factors of o?
2, 3
Suppose 0 = -2*m + 203 + 305. What are the prime factors of m?
2, 127
Suppose 51*r - 468 = 33*r. List the prime factors of r.
2, 13
Let h be (2/(-1))/((-13)/26). Suppose 254 = 2*o - h*n, -7*n = o - 2*n - 92. List the prime factors of o.
3, 13
Let z be 30/(-1)*4/(-4). Let v = 15 - z. List the prime factors of (v/(-6))/(1/2).
5
What are the prime factors of (-27908)/32*-2 + (-50)/200?
2, 109
Let x(w) = w**3 + 11*w**2 - 3*w + 12. Let f be x(-11). What are the prime factors of 2/((-4)/f)*-2?
3, 5
Let i(c) = c**2 + 19*c + 752. List the prime factors of i(59).
2, 2677
Let z = -296 + 1043. List the prime factors of z.
3, 83
Let q(s) = -s**3 - s**2 + 7*s - 11. Suppose r - 6 + 0 = 0. Let k be q(r). What are the prime factors of k/(-4) + (-13)/52?
5, 11
Suppose -4*q = -5*t + 5998, 3*q + 386 + 2009 = 2*t. What are the prime factors of t?
2, 601
What are the prime factors of (1220/488)/((-1)/(-4) + 0)?
2, 5
Let r = -13 + 25. What are the prime factors of r/20 + (-27)/(-5)?
2, 3
Suppose -d + 5*k = -119, d - 9 - 140 = -5*k. Suppose d = 2*s - 5*z, 3*s + 3*z - 48 - 153 = 0. Let b = s - 37. List the prime factors of b.
2, 3, 5
Let c(y) be the first derivative of -y**2/2 - 32*y + 6. Let m be c(0). Let l = -1 - m. What are the prime factors of l?
31
Let l be ((-125)/(-3))/((-3)/(-18)). Suppose l = 4*b - 62. List the prime factors of b.
2, 3, 13
Let u be (0 + 